{"id":16,"date":"2025-04-07T09:46:32","date_gmt":"2025-04-07T07:46:32","guid":{"rendered":"https:\/\/risquesproconsulting.com\/?page_id=16"},"modified":"2025-04-07T15:49:19","modified_gmt":"2025-04-07T13:49:19","slug":"mes-prestations","status":"publish","type":"page","link":"https:\/\/risquesproconsulting.com\/index.php\/mes-prestations\/","title":{"rendered":"Mes prestations"},"content":{"rendered":"\t\t<div data-elementor-type=\"wp-page\" data-elementor-id=\"16\" class=\"elementor elementor-16\">\n\t\t\t\t<div class=\"elementor-element elementor-element-731d62b e-flex e-con-boxed e-con e-parent\" data-id=\"731d62b\" data-element_type=\"container\">\n\t\t\t\t\t<div class=\"e-con-inner\">\n\t\t\t\t<div class=\"elementor-element elementor-element-0430e60 elementor-widget elementor-widget-text-editor\" data-id=\"0430e60\" data-element_type=\"widget\" data-widget_type=\"text-editor.default\">\n\t\t\t\t<div class=\"elementor-widget-container\">\n\t\t\t\t\t\t\t\t\t<p>Risques Pro Consulting vous accompagne, en fonction de vos besoins, \u00e0 votre rythme, avec bienveillance et exigence, afin de vous garantir un soutien efficace et adapt\u00e9.\u00a0<\/p><p>D\u00e9couvrez en d\u00e9tails nos diff\u00e9rentes prestations adaptables selon vos besoins et attentes<\/p>\t\t\t\t\t\t\t\t<\/div>\n\t\t\t\t<\/div>\n\t\t\t\t\t<\/div>\n\t\t\t\t<\/div>\n\t\t<div class=\"elementor-element elementor-element-dfe97ce e-flex e-con-boxed e-con e-parent\" data-id=\"dfe97ce\" data-element_type=\"container\">\n\t\t\t\t\t<div class=\"e-con-inner\">\n\t\t<div class=\"elementor-element elementor-element-6fe656c e-con-full e-flex e-con e-child\" data-id=\"6fe656c\" data-element_type=\"container\">\n\t\t\t\t<div class=\"elementor-element elementor-element-4a0631a elementor-widget elementor-widget-image\" data-id=\"4a0631a\" data-element_type=\"widget\" data-widget_type=\"image.default\">\n\t\t\t\t<div class=\"elementor-widget-container\">\n\t\t\t\t\t\t\t\t\t\t\t\t\t\t\t\t<a href=\"https:\/\/risquesproconsulting.com\/index.php\/formation-et-sensibilisation\/\">\n\t\t\t\t\t\t\t<img fetchpriority=\"high\" decoding=\"async\" width=\"800\" height=\"515\" src=\"https:\/\/risquesproconsulting.com\/wp-content\/uploads\/2025\/04\/formation-1024x659.jpg\" class=\"attachment-large size-large wp-image-146\" alt=\"\" srcset=\"https:\/\/risquesproconsulting.com\/wp-content\/uploads\/2025\/04\/formation-1024x659.jpg 1024w, https:\/\/risquesproconsulting.com\/wp-content\/uploads\/2025\/04\/formation-300x193.jpg 300w, https:\/\/risquesproconsulting.com\/wp-content\/uploads\/2025\/04\/formation-768x495.jpg 768w, https:\/\/risquesproconsulting.com\/wp-content\/uploads\/2025\/04\/formation.jpg 1056w\" sizes=\"(max-width: 800px) 100vw, 800px\" \/>\t\t\t\t\t\t\t\t<\/a>\n\t\t\t\t\t\t\t\t\t\t\t\t\t\t\t<\/div>\n\t\t\t\t<\/div>\n\t\t\t\t<div class=\"elementor-element elementor-element-4750d9c elementor-widget elementor-widget-heading\" data-id=\"4750d9c\" data-element_type=\"widget\" data-widget_type=\"heading.default\">\n\t\t\t\t<div class=\"elementor-widget-container\">\n\t\t\t\t\t<h2 class=\"elementor-heading-title elementor-size-default\"><a href=\"https:\/\/risquesproconsulting.com\/index.php\/formation-et-sensibilisation\/\">Formation & Sensibilisation<\/a><\/h2>\t\t\t\t<\/div>\n\t\t\t\t<\/div>\n\t\t\t\t<\/div>\n\t\t<div class=\"elementor-element elementor-element-7f6a2de e-con-full e-flex e-con e-child\" data-id=\"7f6a2de\" data-element_type=\"container\">\n\t\t\t\t<div class=\"elementor-element elementor-element-bc32801 elementor-widget elementor-widget-image\" data-id=\"bc32801\" data-element_type=\"widget\" data-widget_type=\"image.default\">\n\t\t\t\t<div class=\"elementor-widget-container\">\n\t\t\t\t\t\t\t\t\t\t\t\t\t\t\t\t<a href=\"https:\/\/risquesproconsulting.com\/index.php\/accompagnement-et-optimisation-at-mp\/\">\n\t\t\t\t\t\t\t<img decoding=\"async\" width=\"800\" height=\"515\" src=\"https:\/\/risquesproconsulting.com\/wp-content\/uploads\/2025\/04\/accompagnement2-1024x659.jpg\" class=\"attachment-large size-large wp-image-183\" alt=\"\" srcset=\"https:\/\/risquesproconsulting.com\/wp-content\/uploads\/2025\/04\/accompagnement2-1024x659.jpg 1024w, https:\/\/risquesproconsulting.com\/wp-content\/uploads\/2025\/04\/accompagnement2-300x193.jpg 300w, https:\/\/risquesproconsulting.com\/wp-content\/uploads\/2025\/04\/accompagnement2-768x495.jpg 768w, https:\/\/risquesproconsulting.com\/wp-content\/uploads\/2025\/04\/accompagnement2.jpg 1056w\" sizes=\"(max-width: 800px) 100vw, 800px\" \/>\t\t\t\t\t\t\t\t<\/a>\n\t\t\t\t\t\t\t\t\t\t\t\t\t\t\t<\/div>\n\t\t\t\t<\/div>\n\t\t\t\t<div class=\"elementor-element elementor-element-66a0cc6 elementor-widget elementor-widget-heading\" data-id=\"66a0cc6\" data-element_type=\"widget\" data-widget_type=\"heading.default\">\n\t\t\t\t<div class=\"elementor-widget-container\">\n\t\t\t\t\t<h2 class=\"elementor-heading-title elementor-size-default\"><a href=\"https:\/\/risquesproconsulting.com\/index.php\/accompagnement-et-optimisation-at-mp\/\">Accompagnement et optimisation AT MP<\/a><\/h2>\t\t\t\t<\/div>\n\t\t\t\t<\/div>\n\t\t\t\t<\/div>\n\t\t<div class=\"elementor-element elementor-element-a7e9e3d e-con-full e-flex e-con e-child\" data-id=\"a7e9e3d\" data-element_type=\"container\">\n\t\t\t\t<div class=\"elementor-element elementor-element-155fb73 elementor-widget elementor-widget-image\" data-id=\"155fb73\" data-element_type=\"widget\" data-widget_type=\"image.default\">\n\t\t\t\t<div class=\"elementor-widget-container\">\n\t\t\t\t\t\t\t\t\t\t\t\t\t\t\t\t<a href=\"https:\/\/risquesproconsulting.com\/index.php\/conseils-et-strategie\/\">\n\t\t\t\t\t\t\t<img decoding=\"async\" width=\"800\" height=\"581\" src=\"https:\/\/risquesproconsulting.com\/wp-content\/uploads\/2025\/04\/mision-1024x744.jpg\" class=\"attachment-large size-large wp-image-191\" alt=\"\" srcset=\"https:\/\/risquesproconsulting.com\/wp-content\/uploads\/2025\/04\/mision-1024x744.jpg 1024w, https:\/\/risquesproconsulting.com\/wp-content\/uploads\/2025\/04\/mision-300x218.jpg 300w, https:\/\/risquesproconsulting.com\/wp-content\/uploads\/2025\/04\/mision-768x558.jpg 768w, https:\/\/risquesproconsulting.com\/wp-content\/uploads\/2025\/04\/mision.jpg 1057w\" sizes=\"(max-width: 800px) 100vw, 800px\" \/>\t\t\t\t\t\t\t\t<\/a>\n\t\t\t\t\t\t\t\t\t\t\t\t\t\t\t<\/div>\n\t\t\t\t<\/div>\n\t\t\t\t<div class=\"elementor-element elementor-element-ac383b0 elementor-widget elementor-widget-heading\" data-id=\"ac383b0\" data-element_type=\"widget\" data-widget_type=\"heading.default\">\n\t\t\t\t<div class=\"elementor-widget-container\">\n\t\t\t\t\t<h2 class=\"elementor-heading-title elementor-size-default\"><a href=\"https:\/\/risquesproconsulting.com\/index.php\/conseils-et-strategie\/\">Conseil &amp; Strat\u00e9gie<\/a><\/h2>\t\t\t\t<\/div>\n\t\t\t\t<\/div>\n\t\t\t\t<\/div>\n\t\t<div class=\"elementor-element elementor-element-6fea789 e-con-full e-flex e-con e-child\" data-id=\"6fea789\" data-element_type=\"container\">\n\t\t\t\t<div class=\"elementor-element elementor-element-18989ce elementor-widget elementor-widget-image\" data-id=\"18989ce\" data-element_type=\"widget\" data-widget_type=\"image.default\">\n\t\t\t\t<div class=\"elementor-widget-container\">\n\t\t\t\t\t\t\t\t\t\t\t\t\t\t\t\t<a href=\"https:\/\/risquesproconsulting.com\/index.php\/bilan-de-competences\/\">\n\t\t\t\t\t\t\t<img loading=\"lazy\" decoding=\"async\" width=\"800\" height=\"580\" src=\"https:\/\/risquesproconsulting.com\/wp-content\/uploads\/2025\/04\/soft-1024x743.jpg\" class=\"attachment-large size-large wp-image-248\" alt=\"\" srcset=\"https:\/\/risquesproconsulting.com\/wp-content\/uploads\/2025\/04\/soft-1024x743.jpg 1024w, https:\/\/risquesproconsulting.com\/wp-content\/uploads\/2025\/04\/soft-300x218.jpg 300w, https:\/\/risquesproconsulting.com\/wp-content\/uploads\/2025\/04\/soft-768x557.jpg 768w, https:\/\/risquesproconsulting.com\/wp-content\/uploads\/2025\/04\/soft.jpg 1058w\" sizes=\"(max-width: 800px) 100vw, 800px\" \/>\t\t\t\t\t\t\t\t<\/a>\n\t\t\t\t\t\t\t\t\t\t\t\t\t\t\t<\/div>\n\t\t\t\t<\/div>\n\t\t\t\t<div class=\"elementor-element elementor-element-76b346d elementor-widget elementor-widget-heading\" data-id=\"76b346d\" data-element_type=\"widget\" data-widget_type=\"heading.default\">\n\t\t\t\t<div class=\"elementor-widget-container\">\n\t\t\t\t\t<h2 class=\"elementor-heading-title elementor-size-default\"><a href=\"https:\/\/risquesproconsulting.com\/index.php\/bilan-de-competences\/\">Bilan de comp\u00e9tences<\/a><\/h2>\t\t\t\t<\/div>\n\t\t\t\t<\/div>\n\t\t\t\t<\/div>\n\t\t\t\t\t<\/div>\n\t\t\t\t<\/div>\n\t\t\t\t<\/div>\n\t\t","protected":false},"excerpt":{"rendered":"<p>Risques Pro Consulting vous accompagne, en fonction de vos besoins, \u00e0 votre rythme, avec bienveillance et exigence, afin de vous garantir un soutien efficace et adapt\u00e9.\u00a0 D\u00e9couvrez en d\u00e9tails nos diff\u00e9rentes prestations adaptables selon vos besoins et attentes Formation &#038; Sensibilisation Accompagnement et optimisation AT MP Conseil &amp; Strat\u00e9gie Bilan de comp\u00e9tences<\/p>\n","protected":false},"author":1,"featured_media":0,"parent":0,"menu_order":0,"comment_status":"closed","ping_status":"closed","template":"","meta":{"footnotes":""},"class_list":["post-16","page","type-page","status-publish","hentry"],"_links":{"self":[{"href":"https:\/\/risquesproconsulting.com\/index.php\/wp-json\/wp\/v2\/pages\/16","targetHints":{"allow":["GET"]}}],"collection":[{"href":"https:\/\/risquesproconsulting.com\/index.php\/wp-json\/wp\/v2\/pages"}],"about":[{"href":"https:\/\/risquesproconsulting.com\/index.php\/wp-json\/wp\/v2\/types\/page"}],"author":[{"embeddable":true,"href":"https:\/\/risquesproconsulting.com\/index.php\/wp-json\/wp\/v2\/users\/1"}],"replies":[{"embeddable":true,"href":"https:\/\/risquesproconsulting.com\/index.php\/wp-json\/wp\/v2\/comments?post=16"}],"version-history":[{"count":13,"href":"https:\/\/risquesproconsulting.com\/index.php\/wp-json\/wp\/v2\/pages\/16\/revisions"}],"predecessor-version":[{"id":251,"href":"https:\/\/risquesproconsulting.com\/index.php\/wp-json\/wp\/v2\/pages\/16\/revisions\/251"}],"wp:attachment":[{"href":"https:\/\/risquesproconsulting.com\/index.php\/wp-json\/wp\/v2\/media?parent=16"}],"curies":[{"name":"wp","href":"https:\/\/api.w.org\/{rel}","templated":true}]}}